- 6995. Give w(91).
12
Let c(m) = 527*m + 603. What is c(-1)?
76
Let i(c) = -2*c**3 - 6*c**2 - 3. Give i(3).
-111
Let x(o) = -22*o - 44. Determine x(-4).
44
Let o(c) = -2*c**2 - 99*c + 1540. Give o(-62).
-10
Let h(g) = -2*g**2 + 55*g - 369. Determine h(18).
-27
Let w(b) = -b**2 - 70*b - 357. What is w(-61)?
192
Let s(o) = -3*o**2 + 86*o + 292. What is s(30)?
172
Let i(v) = -v**2 - 39*v - 109. Give i(-33).
89
Let k(u) = 700*u + 1389. Calculate k(-2).
-11
Let s(u) = 530*u + 30210. Give s(-57).
0
Let m(n) = 107*n**3 + n**2 + 11*n + 8. Calculate m(-1).
-109
Let l(p) = -8*p**2 + 3*p - 34. Give l(-3).
-115
Let q(j) = 13*j + 924. Determine q(-73).
-25
Let t(c) = -78*c**2 - 6*c - 3. What is t(-1)?
-75
Let d(f) = f**3 + 200*f**2 - 4639*f - 47. Give d(21).
-5
Let p(f) = 337*f**2 + 20894*f - 19. Calculate p(-62).
-19
Let b(d) = -d**2 - 25*d - 243. Give b(-9).
-99
Let p(q) = -198*q - 986. Give p(-5).
4
Let j(s) = 8*s**3 - 618*s**2 + 151*s + 206. What is j(77)?
-25
Let k(s) = s**2 + 1013*s + 6036. What is k(-6)?
-6
Let c(p) = 7*p**3 + 2*p**2 - 40*p - 39. Determine c(-1).
-4
Let d(y) = -32*y - 1867. Calculate d(-57).
-43
Let w(u) = 25*u - 57. Give w(4).
43
Let y(s) = -s**2 + 14*s + 2164. Calculate y(-40).
4
Let u(b) = -160*b - 856. Give u(-5).
-56
Let d(s) = 79*s - 169. What is d(0)?
-169
Let y(d) = -29*d**2 - 795*d - 321. Determine y(-27).
3
Let f(a) = -a**2 + 13*a - 20. Determine f(0).
-20
Let d(a) = -57*a - 166. Calculate d(-3).
5
Let g(j) = -9*j**2 + 29*j - 116. Calculate g(3).
-110
Let r(a) = 3*a**3 - 13*a**2 - 41*a - 370. What is r(8)?
6
Let h(t) = -34*t - 708. What is h(-21)?
6
Let x(z) = -9*z**3 + 4*z**2 - 18*z - 19. Calculate x(-1).
12
Let x(j) = 49*j + 341. Calculate x(-10).
-149
Let j(y) = -22013*y - 374213. Give j(-17).
8
Let t(x) = -x - 112. What is t(12)?
-124
Let h(g) = -2*g**3 - 28*g**2 - g - 2. Give h(0).
-2
Let q(l) = -l**3 + 32*l**2 - 176*l + 23. Give q(7).
16
Let o(i) = -34*i - 899. Calculate o(-27).
19
Let g(b) = -68*b - 5445. Calculate g(-80).
-5
Let a(z) = -78*z - 365. What is a(-4)?
-53
Let n(h) = 16201*h. Calculate n(0).
0
Let a(v) = 354*v + 1402. Determine a(-4).
-14
Let s(u) = 10*u + 3. What is s(12)?
123
Let s(i) = -9*i**3 - 272*i**2 - 56*i + 111. Calculate s(-30).
-9
Let x(g) = -3*g**2 + 110*g + 9. Determine x(36).
81
Let h(t) = -3*t**2 - 155*t - 66. Calculate h(-51).
36
Let r(g) = -g**3 + 64*g**2 - 445*g - 148. Calculate r(56).
20
Let x(q) = 4*q**2 - 7*q + 17. What is x(3)?
32
Let g(u) = -8*u + 5. Calculate g(-11).
93
Let c(n) = 4*n**2 - 53*n + 158. Calculate c(4).
10
Let h(g) = 132*g - 9108. Calculate h(69).
0
Let y(m) = m**3 - 13*m**2 - 21*m - 122. Calculate y(15).
13
Let b(g) = 38*g + 2203. Calculate b(-57).
37
Let r(o) = 3*o**3 - 27*o**2 + 23*o + 154. Determine r(6).
-32
Let v(h) = -615*h + 40592. Give v(66).
2
Let f(h) = -11*h + 364. Determine f(5).
309
Let t(x) = x**2 + 64*x + 514. Calculate t(-11).
-69
Let c(i) = i**3 - 2*i**2 - 16*i - 2. Calculate c(-3).
1
Let k(o) = -2*o**3 - 5*o**2 - 23*o - 22. Give k(-4).
118
Let n(t) = t**3 + 44*t**2 + 45*t - 25. Calculate n(-43).
-111
Let z(x) = x**3 - 5*x**2 - 30*x - 2. Determine z(-4).
-26
Let a(l) = -l**3 - 15*l**2 + 57*l + 49. Give a(-18).
-5
Let u(i) = -3*i**2 - 334*i - 3397. Give u(-11).
-86
Let l(v) = -259*v. Give l(-1).
259
Let s(a) = a**2 - 63*a + 102. Determine s(60).
-78
Let u(h) = -h**2 - 189*h + 6544. Give u(30).
-26
Let i(y) = 3*y**2 + 302*y - 85. What is i(0)?
-85
Let m(k) = k**3 + 36*k**2 - 403*k - 18. Give m(9).
0
Let i(x) = -x**3 - 61*x**2 + 391*x + 42. Determine i(6).
-24
Let d(a) = a**2 + 81*a - 1480. Calculate d(15).
-40
Let d(h) = 4*h**2 - 5*h - 4. Determine d(7).
157
Let n(r) = 25*r**2 - 128*r + 64. Determine n(5).
49
Let i(w) = w**2 - 24*w - 407. What is i(35)?
-22
Let i(t) = t**3 + 6*t**2 - 7*t - 21. What is i(-4)?
39
Let a(p) = 33180*p + 132726. What is a(-4)?
6
Let y(r) = 236*r - 258. Give y(1).
-22
Let r(j) = 1704*j - 42594. Determine r(25).
6
Let n(r) = -28*r**2 + 58*r + 71. Determine n(3).
-7
Let o(z) = -58*z - 1750. Give o(-32).
106
Let s(j) = j**2 - 79*j + 79. Calculate s(1).
1
Let j(b) = -72*b**3 - 2*b**2 - 3*b + 17. Determine j(2).
-573
Let l(v) = -v**2 + 71*v + 1596. Give l(89).
-6
Let q(x) = 2160*x + 198730. What is q(-92)?
10
Let c(m) = 6*m**2 + 118*m - 3. Give c(-23).
457
Let o(x) = x**2 - 20*x + 84. Calculate o(19).
65
Let q(g) = g**3 - 12*g**2 + 29*g - 90. Calculate q(10).
0
Let o(q) = q**3 + 22*q**2 + 13*q + 8. Calculate o(-6).
506
Let n(w) = 3*w**2 + 20*w - 244. Calculate n(7).
43
Let k(r) = -37*r**2 - 593*r - 26. Calculate k(-16).
-10
Let p(l) = -l**2 + 32*l + 376. What is p(-9)?
7
Let m(w) = -6902*w - 62133. Give m(-9).
-15
Let g(v) = -v**3 - 48*v**2 - 94*v - 114. Calculate g(-46).
-22
Let w(n) = -5*n**2 - 58*n + 28. What is w(-12)?
4
Let d(a) = -a**2 - 53*a + 723. Calculate d(12).
-57
Let s(t) = 2*t**3 - 22*t**2 + 20*t + 4. What is s(10)?
4
Let g(s) = -s**2 - 8*s + 221. Calculate g(12).
-19
Let p(i) = -12*i - 18. Calculate p(-8).
78
Let t(b) = -11*b**2 - 163*b + 10. Give t(0).
10
Let a(m) = 3*m**2 - 704*m + 15190. Determine a(24).
22
Let q(c) = 7*c**2 - 5070*c - 5070. Give q(-1).
7
Let y(p) = 1032*p - 7227. Give y(7).
-3
Let h(y) = -y**2 + 24*y + 948. What is h(45)?
3
Let v(c) = -152*c - 1204. Calculate v(-8).
12
Let j(b) = -2*b**2 - 240*b - 1634. Determine j(-7).
-52
Let q(y) = -148*y**2 - 19684*y - 4. Determine q(-133).
-4
Let y(q) = 130*q**2 - 1048*q - 39. Give y(8).
-103
Let j(z) = -z**3 + 7*z**2 - 103*z + 1337. What is j(10)?
7
Let v(u) = 171*u - 9567. Determine v(56).
9
Let i(j) = 681*j - 38848. Calculate i(57).
-31
Let s(k) = 61*k - 366. Calculate s(6).
0
Let i(g) = -2*g**2 - 54*g + 196. Determine i(3).
16
Let t(s) = -10*s + 32. What is t(-5)?
82
Let i(b) = -4*b**2 - 233*b - 83. Determine i(-58).
-25
Let q(s) = -2*s**2 + 1631*s - 9709. Determine q(6).
5
Let f(r) = -3610*r + 14475. Calculate f(4).
35
Let w(b) = -17*b**2 + 975*b + 3076. What is w(-3)?
-2
Let n(d) = -d**2 + 28*d - 31. Give n(22).
101
Let k(u) = -6*u - 7. What is k(-22)?
125
Let x(r) = r**2 + 72*r - 1131. What is x(13)?
-26
Let q(m) = 2*m**2 - 43*m + 232. Determine q(9).
7
Let g(z) = -32*z + 75. Determine g(5).
-85
Let a(x) = -2*x**2 + x + 60. Determine a(10).
-130
Let x(d) = 27*d + 76. Give x(-6).
-86
Let y(a) = -a**2 - 17*a + 90. Determine y(-21).
6
Let n(a) = -702*a + 17554. Determine n(25).
4
Let b(v) = 139*v + 1565. Give b(-11).
36
Let j(u) = -u**3 + 27*u**2 - 75*u + 33. Determine j(24).
-39
Let y(s) = -s**3 + 7*s**2 - 9*s + 5. What is y(6)?
-13
Let t(w) = -w**2 - 48*w - 455. Give t(-29).
96
Let c(v) = 9*v - 632. Give c(70).
-2
Let u(q) = 2*q**3 + 4*q**2 + 7. Calculate u(-4).
-57
Let f(a) = 173*a - 5066. Give f(29).
-49
Let d(c) = 5*c**2 - 176*c - 158. Determine d(36).
-14
Let u(h) = h**3 - 75*h**2 - 162*h + 610. Give u(77).
-6
Let r(g) = g**2 + 14*g - 3. Give r(5).
92
Let i(x) = 26*x - 405. Determine i(16).
11
Let d(c) = -c**3 + 23*c**2 + 136*c + 4. Calculate d(-5).
24
Let q(i) = -4*i**3 + 98*i**2 + 61*i - 239. Calculate q(25).
36
Let h(u) = -165*u - 146. Calculate h(-2).
184
Let m(f) = -2*f**3 + 46*f**2 - 52*f + 55. Calculate m(22).
-121
Let y(j) = -j**3 + 44*j**2 - 151*j + 2820. Give y(42).
6
Let i(c) = -549*c + 3314. What is i(6)?
20
Let b(k) = -937*k - 3760. Calculate b(-4).
-12
Let a(q) = -1087*q - 6531. Give a(-6).
-9
Let b(f) = -f**2 + 8*f + 39. Give b(9).
30
Let m(g) = 8*g**2 - 148*g - 69. Give m(19).
7
Let s(c) = -c**3 - 18*c**2 - 263*c - 5360. What is s(-19)?
-2
Let j(s) = 34*s + 935. What is j(-27)?
17
Let m(l) = 10*l**2 + 63*l + 21. What is m(-9)?
264
Let h(q) = -4*q**2 + 53*q + 102. Calculate h(15).
-3
Let k(z) = -58*z**2 + 3306*z - 23. Calculate k(57).
-23
Let q(s) = 4*s**2 + 65*s - 455. What is q(10)?
595
Let m(p) = -p**3 - 42*p**2 - 113*p + 1558. Give m(-38).
76
Let t(g) = 2*g**3 - 42*g**2 - 4*g + 86. Calculate t(21).
2
Let b(n) = -9*n + 26. Determine b(3).
-1
Let c(t) = -11*t**2 - 309*t - 318. What is c(-27)?
6
Let z(r) = r**3 + 3*r**2 - 34*r + 12. Determine z(-8).
-36
Let r(t) = -99*t - 419. Give r(-4).
-23
Let l(t) = 81*t**3 - 8*t**2 + 9*t. Calculate l(1).
82
Let v(y) = 3*y**2 - 25*y - 3873. Give v(-32).
-1
Let v(m) = -5*m**2 + 94*m - 412. Determine v(7).
1
Let r(f) = 8*f**3 - 632*f**2 + 48*f - 3791. Calculate r(79).
1
Let y(h) = -46*h + 